[2024-05-24 10:15:01,090: INFO/ForkPoolWorker-16] [be9a8678-7a3d-4403-b66f-96755251079f] Executing command in Celery: ['airflow', 'tasks', 'run', 'vim_status_14ed06f0-9208-4724-a753-d1254f1de329', 'get_vim_status_and_send_to_prometheus', 'scheduled__2024-05-24T10:14:00+00:00', '--local', '--subdir', 'DAGS_FOLDER/dags/multivim_vim_status.py']
2024-05-24T10:15:01.099861964Z
[2024-05-24 10:15:01,099: INFO/ForkPoolWorker-1] [161cfc24-be90-4288-818b-310a612f6027] Executing command in Celery: ['airflow', 'tasks', 'run', 'vm_status_vim_14ed06f0-9208-4724-a753-d1254f1de329', 'get_all_vm_status_and_send_to_prometheus', 'scheduled__2024-05-24T10:14:00+00:00', '--local', '--subdir', 'DAGS_FOLDER/dags/multivim_vm_status.py']
2024-05-24T10:15:01.549412298Z
[2024-05-24 10:15:01,544: INFO/ForkPoolWorker-16] Filling up the DagBag from /home/airflow/.local/lib/python3.10/site-packages/osm_ngsa/dags/multivim_vim_status.py
2024-05-24T10:15:01.558570501Z
[2024-05-24 10:15:01,554: INFO/ForkPoolWorker-1] Filling up the DagBag from /home/airflow/.local/lib/python3.10/site-packages/osm_ngsa/dags/multivim_vm_status.py
2024-05-24T10:15:01.639154425Z
[2024-05-24 10:15:01,635: INFO/ForkPoolWorker-15] Filling up the DagBag from /home/airflow/.local/lib/python3.10/site-packages/osm_ngsa/dags/multivim_vm_metrics.py
2024-05-24T10:15:03.169676605Z
[2024-05-24 10:15:03,169: INFO/ForkPoolWorker-1] Getting VIM list
2024-05-24T10:15:03.176698882Z
[2024-05-24 10:15:03,176: INFO/ForkPoolWorker-1] {'global': {'loglevel': 'INFO', 'request_timeout': 10}, 'database': {'driver': 'mongo', 'uri': 'mongodb://mongodb-k8s:27017/?replicaSet=rs0', 'name': 'osm', 'commonkey': 'hRchGSepbyEIJLwSD7iSzR2NRN2QDs1E'}, 'message': {'driver': 'kafka', 'host': 'kafka', 'port': 9092}}
2024-05-24T10:15:03.249564243Z
[2024-05-24 10:15:03,245: INFO/ForkPoolWorker-1] Connected to database osm version 1.2
2024-05-24T10:15:03.249573403Z
[2024-05-24 10:15:03,249: INFO/ForkPoolWorker-1] Read VIM 86dbc347-2092-4ba0-9673-d09e68aa2624 (_system-osm-vim)
2024-05-24T10:15:03.249595515Z
[2024-05-24 10:15:03,249: INFO/ForkPoolWorker-1] Read VIM 14ed06f0-9208-4724-a753-d1254f1de329 (osm)
2024-05-24T10:15:03.251341624Z
[2024-05-24 10:15:03,249: INFO/ForkPoolWorker-1] [{'_id': '86dbc347-2092-4ba0-9673-d09e68aa2624', 'name': '_system-osm-vim', 'vim_type': 'dummy'}, {'_id': '14ed06f0-9208-4724-a753-d1254f1de329', 'name': 'osm', 'vim_type': 'openstack'}]
2024-05-24T10:15:03.251347028Z
[2024-05-24 10:15:03,249: INFO/ForkPoolWorker-1] Getting VIM list OK
2024-05-24T10:15:03.251350707Z
[2024-05-24 10:15:03,249: INFO/ForkPoolWorker-1] VIM type 'dummy' not supported for collecting VM status
2024-05-24T10:15:03.251353898Z
[2024-05-24 10:15:03,249: INFO/ForkPoolWorker-1] Creating DAG vm_status_vim_14ed06f0-9208-4724-a753-d1254f1de329
2024-05-24T10:15:03.370987067Z
[2024-05-24 10:15:03,370: INFO/ForkPoolWorker-1] Running on host airflow-worker-0.airflow-worker.osm.svc.cluster.local
2024-05-24T10:15:03.371025617Z
[2024-05-24 10:15:03,370: INFO/ForkPoolWorker-16] Getting VIM list
2024-05-24T10:15:03.374970016Z
[2024-05-24 10:15:03,374: INFO/ForkPoolWorker-16] {'global': {'loglevel': 'INFO', 'request_timeout': 10}, 'database': {'driver': 'mongo', 'uri': 'mongodb://mongodb-k8s:27017/?replicaSet=rs0', 'name': 'osm', 'commonkey': 'hRchGSepbyEIJLwSD7iSzR2NRN2QDs1E'}, 'message': {'driver': 'kafka', 'host': 'kafka', 'port': 9092}}
2024-05-24T10:15:03.413909768Z
[2024-05-24 10:15:03,413: INFO/ForkPoolWorker-15] Getting VIM list
2024-05-24T10:15:03.419329223Z
[2024-05-24 10:15:03,418: INFO/ForkPoolWorker-15] {'global': {'loglevel': 'INFO', 'request_timeout': 10}, 'database': {'driver': 'mongo', 'uri': 'mongodb://mongodb-k8s:27017/?replicaSet=rs0', 'name': 'osm', 'commonkey': 'hRchGSepbyEIJLwSD7iSzR2NRN2QDs1E'}, 'message': {'driver': 'kafka', 'host': 'kafka', 'port': 9092}}
2024-05-24T10:15:03.421228186Z
[2024-05-24 10:15:03,420: INFO/ForkPoolWorker-16] Connected to database osm version 1.2
2024-05-24T10:15:03.425293221Z
[2024-05-24 10:15:03,425: INFO/ForkPoolWorker-16] Read VIM 86dbc347-2092-4ba0-9673-d09e68aa2624 (_system-osm-vim)
2024-05-24T10:15:03.425423785Z
[2024-05-24 10:15:03,425: INFO/ForkPoolWorker-16] Read VIM 14ed06f0-9208-4724-a753-d1254f1de329 (osm)
2024-05-24T10:15:03.425958011Z
[2024-05-24 10:15:03,425: INFO/ForkPoolWorker-16] [{'_id': '86dbc347-2092-4ba0-9673-d09e68aa2624', 'name': '_system-osm-vim', 'vim_type': 'dummy'}, {'_id': '14ed06f0-9208-4724-a753-d1254f1de329', 'name': 'osm', 'vim_type': 'openstack'}]
2024-05-24T10:15:03.426347514Z
[2024-05-24 10:15:03,426: INFO/ForkPoolWorker-16] Getting VIM list OK
2024-05-24T10:15:03.427391360Z
[2024-05-24 10:15:03,427: INFO/ForkPoolWorker-16] VIM type 'dummy' not supported for monitoring VIM status
2024-05-24T10:15:03.427618204Z
[2024-05-24 10:15:03,427: INFO/ForkPoolWorker-16] Creating DAG vim_status_14ed06f0-9208-4724-a753-d1254f1de329
2024-05-24T10:15:03.499409185Z
[2024-05-24 10:15:03,499: INFO/ForkPoolWorker-15] Connected to database osm version 1.2
2024-05-24T10:15:03.501049556Z
[2024-05-24 10:15:03,500: INFO/ForkPoolWorker-15] Read VIM 86dbc347-2092-4ba0-9673-d09e68aa2624 (_system-osm-vim)
2024-05-24T10:15:03.501215761Z
[2024-05-24 10:15:03,500: INFO/ForkPoolWorker-15] Read VIM 14ed06f0-9208-4724-a753-d1254f1de329 (osm)
2024-05-24T10:15:03.501416315Z
[2024-05-24 10:15:03,501: INFO/ForkPoolWorker-15] [{'_id': '86dbc347-2092-4ba0-9673-d09e68aa2624', 'name': '_system-osm-vim', 'vim_type': 'dummy'}, {'_id': '14ed06f0-9208-4724-a753-d1254f1de329', 'name': 'osm', 'vim_type': 'openstack'}]
2024-05-24T10:15:03.501691289Z
[2024-05-24 10:15:03,501: INFO/ForkPoolWorker-15] Getting VIM list OK
2024-05-24T10:15:03.502014703Z
[2024-05-24 10:15:03,501: INFO/ForkPoolWorker-15] VIM type 'dummy' not supported for collecting VM metrics
2024-05-24T10:15:03.502220555Z
[2024-05-24 10:15:03,501: INFO/ForkPoolWorker-15] Creating DAG vm_metrics_vim_14ed06f0-9208-4724-a753-d1254f1de329
2024-05-24T10:15:03.552792892Z
[2024-05-24 10:15:03,552: INFO/ForkPoolWorker-16] Running on host airflow-worker-0.airflow-worker.osm.svc.cluster.local
2024-05-24T10:15:03.691411149Z
[2024-05-24 10:15:03,691: INFO/ForkPoolWorker-15] Running on host airflow-worker-0.airflow-worker.osm.svc.cluster.local
2024-05-24T10:15:04.516884174Z
[2024-05-24 10:15:04,516: INFO/ForkPoolWorker-15] Task airflow.executors.celery_executor.execute_command[fcb100f5-6bbd-4d9e-92c5-1260d6eb3021] succeeded in 3.4375940239997362s: None
2024-05-24T10:15:05.066364230Z
[2024-05-24 10:15:05,065: INFO/MainProcess] Task airflow.executors.celery_executor.execute_command[2936a28b-2b8e-43b0-a45e-e45efb019127] received
2024-05-24T10:15:05.084791388Z
[2024-05-24 10:15:05,084: INFO/ForkPoolWorker-15] [2936a28b-2b8e-43b0-a45e-e45efb019127] Executing command in Celery: ['airflow', 'tasks', 'run', 'vm_metrics_vim_14ed06f0-9208-4724-a753-d1254f1de329', 'split_metrics', 'scheduled__2024-05-24T10:10:00+00:00', '--local', '--subdir', 'DAGS_FOLDER/dags/multivim_vm_metrics.py']
2024-05-24T10:15:05.396298802Z
[2024-05-24 10:15:05,392: INFO/ForkPoolWorker-15] Filling up the DagBag from /home/airflow/.local/lib/python3.10/site-packages/osm_ngsa/dags/multivim_vm_metrics.py
2024-05-24T10:15:06.132261951Z
[2024-05-24 10:15:06,131: INFO/ForkPoolWorker-16] Task airflow.executors.celery_executor.execute_command[be9a8678-7a3d-4403-b66f-96755251079f] succeeded in 5.052960092999911s: None
2024-05-24T10:15:06.662654594Z
[2024-05-24 10:15:06,662: INFO/ForkPoolWorker-1] Task airflow.executors.celery_executor.execute_command[161cfc24-be90-4288-818b-310a612f6027] succeeded in 5.580217606999668s: None
2024-05-24T10:15:07.124338573Z
[2024-05-24 10:15:07,123: INFO/ForkPoolWorker-15] Getting VIM list
2024-05-24T10:15:07.128982253Z
[2024-05-24 10:15:07,128: INFO/ForkPoolWorker-15] {'global': {'loglevel': 'INFO', 'request_timeout': 10}, 'database': {'driver': 'mongo', 'uri': 'mongodb://mongodb-k8s:27017/?replicaSet=rs0', 'name': 'osm', 'commonkey': 'hRchGSepbyEIJLwSD7iSzR2NRN2QDs1E'}, 'message': {'driver': 'kafka', 'host': 'kafka', 'port': 9092}}
2024-05-24T10:15:07.174810506Z
[2024-05-24 10:15:07,174: INFO/ForkPoolWorker-15] Connected to database osm version 1.2
2024-05-24T10:15:07.176048280Z
[2024-05-24 10:15:07,175: INFO/ForkPoolWorker-15] Read VIM 86dbc347-2092-4ba0-9673-d09e68aa2624 (_system-osm-vim)
2024-05-24T10:15:07.176074690Z
[2024-05-24 10:15:07,175: INFO/ForkPoolWorker-15] Read VIM 14ed06f0-9208-4724-a753-d1254f1de329 (osm)
2024-05-24T10:15:07.176312212Z
[2024-05-24 10:15:07,176: INFO/ForkPoolWorker-15] [{'_id': '86dbc347-2092-4ba0-9673-d09e68aa2624', 'name': '_system-osm-vim', 'vim_type': 'dummy'}, {'_id': '14ed06f0-9208-4724-a753-d1254f1de329', 'name': 'osm', 'vim_type': 'openstack'}]
2024-05-24T10:15:07.176355105Z
[2024-05-24 10:15:07,176: INFO/ForkPoolWorker-15] Getting VIM list OK
2024-05-24T10:15:07.176639400Z
[2024-05-24 10:15:07,176: INFO/ForkPoolWorker-15] VIM type 'dummy' not supported for collecting VM metrics
2024-05-24T10:15:07.176676045Z
[2024-05-24 10:15:07,176: INFO/ForkPoolWorker-15] Creating DAG vm_metrics_vim_14ed06f0-9208-4724-a753-d1254f1de329
2024-05-24T10:15:07.276585710Z
[2024-05-24 10:15:07,276: INFO/ForkPoolWorker-15] Running on host airflow-worker-0.airflow-worker.osm.svc.cluster.local
2024-05-24T10:15:08.112669145Z
[2024-05-24 10:15:08,111: INFO/ForkPoolWorker-15] Task airflow.executors.celery_executor.execute_command[2936a28b-2b8e-43b0-a45e-e45efb019127] succeeded in 3.043533088999993s: None
2024-05-24T10:15:08.740031390Z
[2024-05-24 10:15:08,739: INFO/MainProcess] Task airflow.executors.celery_executor.execute_command[2d4d54bd-d120-46b4-b335-57a6ce07d67c] received
2024-05-24T10:15:08.756432404Z
[2024-05-24 10:15:08,756: INFO/ForkPoolWorker-15] [2d4d54bd-d120-46b4-b335-57a6ce07d67c] Executing command in Celery: ['airflow', 'tasks', 'run', 'vm_metrics_vim_14ed06f0-9208-4724-a753-d1254f1de329', 'collect_metrics', 'scheduled__2024-05-24T10:10:00+00:00', '--local', '--subdir', 'DAGS_FOLDER/dags/multivim_vm_metrics.py', '--map-index', '0']
2024-05-24T10:15:09.184297607Z
[2024-05-24 10:15:09,180: INFO/ForkPoolWorker-15] Filling up the DagBag from /home/airflow/.local/lib/python3.10/site-packages/osm_ngsa/dags/multivim_vm_metrics.py
2024-05-24T10:15:10.764890631Z
[2024-05-24 10:15:10,761: INFO/ForkPoolWorker-15] Getting VIM list
2024-05-24T10:15:10.771719184Z
[2024-05-24 10:15:10,770: INFO/ForkPoolWorker-15] {'global': {'loglevel': 'INFO', 'request_timeout': 10}, 'database': {'driver': 'mongo', 'uri': 'mongodb://mongodb-k8s:27017/?replicaSet=rs0', 'name': 'osm', 'commonkey': 'hRchGSepbyEIJLwSD7iSzR2NRN2QDs1E'}, 'message': {'driver': 'kafka', 'host': 'kafka', 'port': 9092}}
2024-05-24T10:15:10.829309444Z
[2024-05-24 10:15:10,829: INFO/ForkPoolWorker-15] Connected to database osm version 1.2
2024-05-24T10:15:10.832533896Z
[2024-05-24 10:15:10,832: INFO/ForkPoolWorker-15] Read VIM 86dbc347-2092-4ba0-9673-d09e68aa2624 (_system-osm-vim)
2024-05-24T10:15:10.834763477Z
[2024-05-24 10:15:10,832: INFO/ForkPoolWorker-15] Read VIM 14ed06f0-9208-4724-a753-d1254f1de329 (osm)
2024-05-24T10:15:10.835859589Z
[2024-05-24 10:15:10,835: INFO/ForkPoolWorker-15] [{'_id': '86dbc347-2092-4ba0-9673-d09e68aa2624', 'name': '_system-osm-vim', 'vim_type': 'dummy'}, {'_id': '14ed06f0-9208-4724-a753-d1254f1de329', 'name': 'osm', 'vim_type': 'openstack'}]
2024-05-24T10:15:10.835915029Z
[2024-05-24 10:15:10,835: INFO/ForkPoolWorker-15] Getting VIM list OK
2024-05-24T10:15:10.836194913Z
[2024-05-24 10:15:10,836: INFO/ForkPoolWorker-15] VIM type 'dummy' not supported for collecting VM metrics
2024-05-24T10:15:10.836793989Z
[2024-05-24 10:15:10,836: INFO/ForkPoolWorker-15] Creating DAG vm_metrics_vim_14ed06f0-9208-4724-a753-d1254f1de329
2024-05-24T10:15:10.943044220Z
[2024-05-24 10:15:10,942: INFO/ForkPoolWorker-15] Running on host airflow-worker-0.airflow-worker.osm.svc.cluster.local
2024-05-24T10:15:12.940967793Z
[2024-05-24 10:15:12,940: INFO/ForkPoolWorker-15] Task airflow.executors.celery_executor.execute_command[2d4d54bd-d120-46b4-b335-57a6ce07d67c] succeeded in 4.198090764999961s: None
2024-05-24T10:15:13.163781234Z
[2024-05-24 10:15:13,163: INFO/MainProcess] Task airflow.executors.celery_executor.execute_command[736f77db-5321-4ef6-b41b-a0f7a54cb851] received
2024-05-24T10:15:13.172607654Z
[2024-05-24 10:15:13,172: INFO/ForkPoolWorker-15] [736f77db-5321-4ef6-b41b-a0f7a54cb851] Executing command in Celery: ['airflow', 'tasks', 'run', 'vm_metrics_vim_14ed06f0-9208-4724-a753-d1254f1de329', 'send_prometheus', 'scheduled__2024-05-24T10:10:00+00:00', '--local', '--subdir', 'DAGS_FOLDER/dags/multivim_vm_metrics.py']
2024-05-24T10:15:13.588605691Z
[2024-05-24 10:15:13,585: INFO/ForkPoolWorker-15] Filling up the DagBag from /home/airflow/.local/lib/python3.10/site-packages/osm_ngsa/dags/multivim_vm_metrics.py
2024-05-24T10:15:14.952188970Z
[2024-05-24 10:15:14,951: INFO/ForkPoolWorker-15] Getting VIM list
2024-05-24T10:15:14.956416778Z
[2024-05-24 10:15:14,955: INFO/ForkPoolWorker-15] {'global': {'loglevel': 'INFO', 'request_timeout': 10}, 'database': {'driver': 'mongo', 'uri': 'mongodb://mongodb-k8s:27017/?replicaSet=rs0', 'name': 'osm', 'commonkey': 'hRchGSepbyEIJLwSD7iSzR2NRN2QDs1E'}, 'message': {'driver': 'kafka', 'host': 'kafka', 'port': 9092}}
2024-05-24T10:15:15.014826939Z
[2024-05-24 10:15:15,014: INFO/ForkPoolWorker-15] Connected to database osm version 1.2
2024-05-24T10:15:15.018611102Z
[2024-05-24 10:15:15,018: INFO/ForkPoolWorker-15] Read VIM 86dbc347-2092-4ba0-9673-d09e68aa2624 (_system-osm-vim)
2024-05-24T10:15:15.018740016Z
[2024-05-24 10:15:15,018: INFO/ForkPoolWorker-15] Read VIM 14ed06f0-9208-4724-a753-d1254f1de329 (osm)
2024-05-24T10:15:15.018918134Z
[2024-05-24 10:15:15,018: INFO/ForkPoolWorker-15] [{'_id': '86dbc347-2092-4ba0-9673-d09e68aa2624', 'name': '_system-osm-vim', 'vim_type': 'dummy'}, {'_id': '14ed06f0-9208-4724-a753-d1254f1de329', 'name': 'osm', 'vim_type': 'openstack'}]
2024-05-24T10:15:15.022015729Z
[2024-05-24 10:15:15,018: INFO/ForkPoolWorker-15] Getting VIM list OK
2024-05-24T10:15:15.022866192Z
[2024-05-24 10:15:15,022: INFO/ForkPoolWorker-15] VIM type 'dummy' not supported for collecting VM metrics
2024-05-24T10:15:15.023151787Z
[2024-05-24 10:15:15,022: INFO/ForkPoolWorker-15] Creating DAG vm_metrics_vim_14ed06f0-9208-4724-a753-d1254f1de329
2024-05-24T10:15:15.145290932Z
[2024-05-24 10:15:15,145: INFO/ForkPoolWorker-15] Running on host airflow-worker-0.airflow-worker.osm.svc.cluster.local
2024-05-24T10:15:15.786992829Z
[2024-05-24 10:15:15,786: INFO/ForkPoolWorker-15] Task airflow.executors.celery_executor.execute_command[736f77db-5321-4ef6-b41b-a0f7a54cb851] succeeded in 2.621590565999668s: None
2024-05-24T10:15:58.314686521Z
[2024-05-24 10:15:58,314: INFO/MainProcess] Task airflow.executors.celery_executor.execute_command[4e6704fd-a955-4e8b-a0a8-9c5d6a2848d6] received
2024-05-24T10:15:58.354901727Z
[2024-05-24 10:15:58,354: INFO/ForkPoolWorker-15] [4e6704fd-a955-4e8b-a0a8-9c5d6a2848d6] Executing command in Celery: ['airflow', 'tasks', 'run', 'scaleout_vdu', 'main_task', 'scaleout_vdu_20240524101557_042594', '--local', '--subdir', 'DAGS_FOLDER/dags/scaleout_vdu.py']
2024-05-24T10:15:58.885154417Z
[2024-05-24 10:15:58,879: INFO/ForkPoolWorker-15] Filling up the DagBag from /home/airflow/.local/lib/python3.10/site-packages/osm_ngsa/dags/scaleout_vdu.py
2024-05-24T10:15:59.459986295Z
[2024-05-24 10:15:59,459: INFO/ForkPoolWorker-15] Running on host airflow-worker-0.airflow-worker.osm.svc.cluster.local
2024-05-24T10:16:00.111823736Z
[2024-05-24 10:16:00,111: INFO/ForkPoolWorker-15] Task airflow.executors.celery_executor.execute_command[4e6704fd-a955-4e8b-a0a8-9c5d6a2848d6] succeeded in 1.7947806709998986s: None
2024-05-24T10:16:01.094522650Z
[2024-05-24 10:16:01,094: INFO/MainProcess] Task airflow.executors.celery_executor.execute_command[d668a356-6c13-4d1b-b659-2e87f7d12856] received
2024-05-24T10:16:01.100446841Z
[2024-05-24 10:16:01,099: INFO/MainProcess] Task airflow.executors.celery_executor.execute_command[69bb8690-b172-4864-90a6-2f221d7832f8] received
2024-05-24T10:16:01.106110236Z
[2024-05-24 10:16:01,105: INFO/ForkPoolWorker-15] [d668a356-6c13-4d1b-b659-2e87f7d12856] Executing command in Celery: ['airflow', 'tasks', 'run', 'ns_topology', 'get_topology', 'scheduled__2024-05-24T10:14:00+00:00', '--local', '--subdir', 'DAGS_FOLDER/dags/ns_topology.py']
2024-05-24T10:16:01.108875762Z
[2024-05-24 10:16:01,108: INFO/ForkPoolWorker-16] [69bb8690-b172-4864-90a6-2f221d7832f8] Executing command in Celery: ['airflow', 'tasks', 'run', 'vim_status_14ed06f0-9208-4724-a753-d1254f1de329', 'get_vim_status_and_send_to_prometheus', 'scheduled__2024-05-24T10:15:00+00:00', '--local', '--subdir', 'DAGS_FOLDER/dags/multivim_vim_status.py']
2024-05-24T10:16:01.121844043Z
[2024-05-24 10:16:01,121: INFO/MainProcess] Task airflow.executors.celery_executor.execute_command[9ed87acc-9276-4e3a-8b98-0414ae8bb590] received
2024-05-24T10:16:01.132445615Z
[2024-05-24 10:16:01,132: INFO/ForkPoolWorker-1] [9ed87acc-9276-4e3a-8b98-0414ae8bb590] Executing command in Celery: ['airflow', 'tasks', 'run', 'vm_status_vim_14ed06f0-9208-4724-a753-d1254f1de329', 'get_all_vm_status_and_send_to_prometheus', 'scheduled__2024-05-24T10:15:00+00:00', '--local', '--subdir', 'DAGS_FOLDER/dags/multivim_vm_status.py']
2024-05-24T10:16:01.530016373Z
[2024-05-24 10:16:01,526: INFO/ForkPoolWorker-1] Filling up the DagBag from /home/airflow/.local/lib/python3.10/site-packages/osm_ngsa/dags/multivim_vm_status.py
2024-05-24T10:16:01.536186070Z
[2024-05-24 10:16:01,533: INFO/ForkPoolWorker-15] Filling up the DagBag from /home/airflow/.local/lib/python3.10/site-packages/osm_ngsa/dags/ns_topology.py
2024-05-24T10:16:01.574054704Z
[2024-05-24 10:16:01,566: INFO/ForkPoolWorker-16] Filling up the DagBag from /home/airflow/.local/lib/python3.10/site-packages/osm_ngsa/dags/multivim_vim_status.py
2024-05-24T10:16:01.871319847Z
[2024-05-24 10:16:01,871: INFO/ForkPoolWorker-15] Running on host airflow-worker-0.airflow-worker.osm.svc.cluster.local
2024-05-24T10:16:02.507685069Z
[2024-05-24 10:16:02,507: INFO/ForkPoolWorker-15] Task airflow.executors.celery_executor.execute_command[d668a356-6c13-4d1b-b659-2e87f7d12856] succeeded in 1.4103240019999248s: None
2024-05-24T10:16:03.047022044Z
[2024-05-24 10:16:03,046: INFO/ForkPoolWorker-1] Getting VIM list
2024-05-24T10:16:03.051034667Z
[2024-05-24 10:16:03,050: INFO/ForkPoolWorker-1] {'global': {'loglevel': 'INFO', 'request_timeout': 10}, 'database': {'driver': 'mongo', 'uri': 'mongodb://mongodb-k8s:27017/?replicaSet=rs0', 'name': 'osm', 'commonkey': 'hRchGSepbyEIJLwSD7iSzR2NRN2QDs1E'}, 'message': {'driver': 'kafka', 'host': 'kafka', 'port': 9092}}
2024-05-24T10:16:03.081855598Z
[2024-05-24 10:16:03,081: INFO/ForkPoolWorker-1] Connected to database osm version 1.2
2024-05-24T10:16:03.082998588Z
[2024-05-24 10:16:03,082: INFO/ForkPoolWorker-1] Read VIM 86dbc347-2092-4ba0-9673-d09e68aa2624 (_system-osm-vim)
2024-05-24T10:16:03.083078501Z
[2024-05-24 10:16:03,082: INFO/ForkPoolWorker-1] Read VIM 14ed06f0-9208-4724-a753-d1254f1de329 (osm)
2024-05-24T10:16:03.083220485Z
[2024-05-24 10:16:03,083: INFO/ForkPoolWorker-1] [{'_id': '86dbc347-2092-4ba0-9673-d09e68aa2624', 'name': '_system-osm-vim', 'vim_type': 'dummy'}, {'_id': '14ed06f0-9208-4724-a753-d1254f1de329', 'name': 'osm', 'vim_type': 'openstack'}]
2024-05-24T10:16:03.083288065Z
[2024-05-24 10:16:03,083: INFO/ForkPoolWorker-1] Getting VIM list OK
2024-05-24T10:16:03.083537047Z
[2024-05-24 10:16:03,083: INFO/ForkPoolWorker-1] VIM type 'dummy' not supported for collecting VM status
2024-05-24T10:16:03.083611303Z
[2024-05-24 10:16:03,083: INFO/ForkPoolWorker-1] Creating DAG vm_status_vim_14ed06f0-9208-4724-a753-d1254f1de329
2024-05-24T10:16:03.196996477Z
[2024-05-24 10:16:03,196: INFO/ForkPoolWorker-1] Running on host airflow-worker-0.airflow-worker.osm.svc.cluster.local
2024-05-24T10:16:03.197013519Z
[2024-05-24 10:16:03,196: INFO/ForkPoolWorker-16] Getting VIM list
2024-05-24T10:16:03.205954595Z
[2024-05-24 10:16:03,201: INFO/ForkPoolWorker-16] {'global': {'loglevel': 'INFO', 'request_timeout': 10}, 'database': {'driver': 'mongo', 'uri': 'mongodb://mongodb-k8s:27017/?replicaSet=rs0', 'name': 'osm', 'commonkey': 'hRchGSepbyEIJLwSD7iSzR2NRN2QDs1E'}, 'message': {'driver': 'kafka', 'host': 'kafka', 'port': 9092}}
2024-05-24T10:16:03.283099067Z
[2024-05-24 10:16:03,282: INFO/ForkPoolWorker-16] Connected to database osm version 1.2
2024-05-24T10:16:03.285825649Z
[2024-05-24 10:16:03,285: INFO/ForkPoolWorker-16] Read VIM 86dbc347-2092-4ba0-9673-d09e68aa2624 (_system-osm-vim)
2024-05-24T10:16:03.286014003Z
[2024-05-24 10:16:03,285: INFO/ForkPoolWorker-16] Read VIM 14ed06f0-9208-4724-a753-d1254f1de329 (osm)
2024-05-24T10:16:03.286292089Z
[2024-05-24 10:16:03,286: INFO/ForkPoolWorker-16] [{'_id': '86dbc347-2092-4ba0-9673-d09e68aa2624', 'name': '_system-osm-vim', 'vim_type': 'dummy'}, {'_id': '14ed06f0-9208-4724-a753-d1254f1de329', 'name': 'osm', 'vim_type': 'openstack'}]
2024-05-24T10:16:03.286524768Z
[2024-05-24 10:16:03,286: INFO/ForkPoolWorker-16] Getting VIM list OK
2024-05-24T10:16:03.286846269Z
[2024-05-24 10:16:03,286: INFO/ForkPoolWorker-16] VIM type 'dummy' not supported for monitoring VIM status
2024-05-24T10:16:03.286986751Z
[2024-05-24 10:16:03,286: INFO/ForkPoolWorker-16] Creating DAG vim_status_14ed06f0-9208-4724-a753-d1254f1de329
2024-05-24T10:16:03.389223604Z
[2024-05-24 10:16:03,388: INFO/ForkPoolWorker-16] Running on host airflow-worker-0.airflow-worker.osm.svc.cluster.local
2024-05-24T10:16:06.537957499Z
[2024-05-24 10:16:06,537: INFO/ForkPoolWorker-16] Task airflow.executors.celery_executor.execute_command[69bb8690-b172-4864-90a6-2f221d7832f8] succeeded in 5.434540914999616s: None
2024-05-24T10:16:06.538279989Z
[2024-05-24 10:16:06,537: INFO/ForkPoolWorker-1] Task airflow.executors.celery_executor.execute_command[9ed87acc-9276-4e3a-8b98-0414ae8bb590] succeeded in 5.413222947999657s: None
2024-05-24T09:43:26.653220629Z
2024-05-24T09:43:26.672391284Z Cleaning logs every 900 seconds
2024-05-24T09:43:26.672406771Z Trimming airflow logs to 15 days.
2024-05-24T09:45:00.844280774Z Trimming airflow logs to 15 days.
2024-05-24T09:45:01.878670844Z Trimming airflow logs to 15 days.
2024-05-24T10:00:00.913633625Z Trimming airflow logs to 15 days.
2024-05-24T10:00:01.957379673Z Trimming airflow logs to 15 days.
2024-05-24T10:15:01.006037438Z Trimming airflow logs to 15 days.